{"id":63,"date":"2009-11-21T14:17:42","date_gmt":"2009-11-21T15:17:42","guid":{"rendered":"http:\/\/www.rezept-backen.de\/?page_id=63"},"modified":"2009-11-22T11:55:02","modified_gmt":"2009-11-22T12:55:02","slug":"hallo-an-alle","status":"publish","type":"page","link":"http:\/\/www.rezept-backen.de\/?page_id=63","title":{"rendered":"Hallo an Alle!"},"content":{"rendered":"<p><strong>Ich kam irgendwann darauf, das es doch Rezepte von Oma, Mama, Bekannten usw. gibt, die ich gern der Nachwelt erhalten m\u00f6chte. Und damit sind wir schon beim eigenlichen Kern dieser Seite. Schreibt eure Rezepte hier rein.<br \/>\nIch f\u00e4nde das Prima. Achtet darauf das die Rezepte nicht irgendwo aus B\u00fcchern abgeschrieben sind, sondern es sollen m\u00f6glichst eigene Creationen sein. Jetzt gibt\u00b4s bestimmt den Einen oder Anderen der sagen wird, Rezeptseiten gibt\u00b4s doch schon Massig! Mag sein, aber gibt es schon DEIN Rezept? Ich bin ja mal gespannt!<br \/>\nMeldet euch an und schon kann es losgehen.<br \/>\nWer m\u00f6chte, kann nat\u00fcrlich auch, wenn er die Rezepte ausprobiert hat, in den Kommentaren Verbesserungsvorschl\u00e4ge machen oder von Erfahrungen berichten.<\/strong><\/p>\n","protected":false},"excerpt":{"rendered":"<p>Ich kam irgendwann darauf, das es doch Rezepte von Oma, Mama, Bekannten usw. gibt, die ich gern der Nachwelt erhalten m\u00f6chte. Und damit sind wir schon beim eigenlichen Kern dieser Seite. Schreibt eure Rezepte hier rein. Ich f\u00e4nde das Prima. Achtet darauf das die Rezepte nicht irgendwo aus B\u00fcchern abgeschrieben sind, sondern es sollen m\u00f6glichst [&hellip;]<\/p>\n","protected":false},"author":1,"featured_media":0,"parent":0,"menu_order":0,"comment_status":"open","ping_status":"open","template":"","meta":[],"_links":{"self":[{"href":"http:\/\/www.rezept-backen.de\/index.php?rest_route=\/wp\/v2\/pages\/63"}],"collection":[{"href":"http:\/\/www.rezept-backen.de\/index.php?rest_route=\/wp\/v2\/pages"}],"about":[{"href":"http:\/\/www.rezept-backen.de\/index.php?rest_route=\/wp\/v2\/types\/page"}],"author":[{"embeddable":true,"href":"http:\/\/www.rezept-backen.de\/index.php?rest_route=\/wp\/v2\/users\/1"}],"replies":[{"embeddable":true,"href":"http:\/\/www.rezept-backen.de\/index.php?rest_route=%2Fwp%2Fv2%2Fcomments&post=63"}],"version-history":[{"count":4,"href":"http:\/\/www.rezept-backen.de\/index.php?rest_route=\/wp\/v2\/pages\/63\/revisions"}],"predecessor-version":[{"id":121,"href":"http:\/\/www.rezept-backen.de\/index.php?rest_route=\/wp\/v2\/pages\/63\/revisions\/121"}],"wp:attachment":[{"href":"http:\/\/www.rezept-backen.de\/index.php?rest_route=%2Fwp%2Fv2%2Fmedia&parent=63"}],"curies":[{"name":"wp","href":"https:\/\/api.w.org\/{rel}","templated":true}]}}